
Calculate 1 + -3 - 0 - (-2 + 5).
-5
What is 4 + (0 - (4 + 0))?
0
(-8 - -10) + (2 - 3)
1
Calculate 4 + (4 - (3 + 4)).
1
Evaluate -2 + (-6 - (-12 + 7 + 1)).
-4
Evaluate (30 - 22) + -1 + -2.
5
What is (54 - 59) + 1 + 6?
2
What is -1 + (-1 + -2 - -2) + 3?
1
6 + -6 - (18 + -16)
-2
Evaluate 1 + 2 + -6 + 8 - 2.
3
Evaluate 4 - ((2 - -2) + -4).
4
What is the value of -8 + (3 - 1) + -11 + 20?
3
Calculate (-19 - -5) + (6 - -2).
-6
What is -5 + (-1 - -2) + 8 + -5?
-1
What is the value of 15 + (-3 - 10) + (-9 - 1)?
-8
Calculate -24 + 4 + 10 + 5.
-5
Calculate -6 + (-5 - -10) + 2.
1
Evaluate (13 - 2) + -3 - 6.
2
What is -1 + ((4 - 3) + 0 - 0)?
0
What is (3 - (3 + 4)) + 10 + -2?
4
Evaluate 3 - (15 + 13 + -26).
1
What is (0 + -3 - -5) + -6?
-4
What is 7 + (8 - 2 - 9) - 4?
0
What is the value of 12 + -6 - -5 - 16?
-5
Calculate (-12 - -8) + 6 + -6.
-4
((-4 - -1) + -1 - -1) + 3
0
Evaluate 1 - 10 - (-65 + 63).
-7
Calculate -4 + -4 + 4 + -7 + 4.
-7
Evaluate -1 + -4 + -2 - -5 - 4.
-6
Calculate 11 + -14 + (6 - (3 + -1)).
1
Evaluate -2 + (-3 - -2) + 2 - -4.
3
What is -5 + (40 - 34) + (1 - 2)?
0
Calculate -84 - -95 - (1 - (-3 - 1)).
6
-5 + 4 + -1 - (-8 + 2)
4
Calculate 3 + -3 + 0 - 1.
-1
Evaluate 1 + (2 - (-1 + 3)).
1
Calculate 13 + -8 - (-1 + (0 - -4)).
2
Calculate 10 - (-13 + (10 - -16)).
-3
What is the value of -6 + 0 + 1 + 1?
-4
What is the value of -4 + (-6 - -4) + (11 - 1)?
4
What is (-3 - (0 + 7)) + 15?
5
What is the value of 2 + 0 + 2 + 0 + -4?
0
What is 3 - ((2 - 9) + 9)?
1
Calculate -10 + (0 - (0 + -5)).
-5
What is -56 - -45 - (-24 + 2)?
11
What is 1 + 1 + 7 + -5?
4
What is -8 - (-2 - (0 - 0)) - -3?
-3
What is -2 + (2 - (-6 + 3)) + 1?
4
-6 + (3 - (3 + 1))
-7
5 - 1 - (2 - 1)
3
-9 + 6 + -2 + 7
2
What is the value of 91 - 98 - (-11 - -1 - -2)?
1
What is the value of -2 + 0 + -2 + 0?
-4
What is 3 + 0 - (5 + -8)?
6
Calculate (1 - 3 - 2) + -9 + 18.
5
-1 - ((-11 - -6) + 0)
4
What is the value of (6 - (10 - 5) - 0) + 4?
5
7 + -10 + (-2 - -11)
6
What is the value of 17 - 30 - (-8 + -1)?
-4
Calculate (1 - 12 - (-1 + -2)) + 5.
-3
Evaluate (2 - (-9 + 6)) + 2.
7
What is 2 - (1 - ((-8 - -3) + 0))?
-4
What is the value of 1 + -1 - (2 + 1 + -1)?
-2
(5 - 5 - -2) + 3
5
What is the value of 3 - (0 - (2 - (-5 - -10)))?
0
Calculate 6 + -3 + (0 - (-1 + -2)).
6
Evaluate 3 - (6 - 3 - 2) - 2.
0
Calculate -5 + (21 + -7 - (-1 - -5)).
5
0 + 1 + (-5 - -7)
3
Calculate -2 - -3 - (15 + -8).
-6
What is the value of -4 - (-7 - -7) - (1 - 4)?
-1
What is the value of (9 - 12 - -2) + -8?
-9
Evaluate 8 - (0 + 1 + (16 - 17)).
8
What is the value of 2 - (4 - -3 - -1) - -7?
1
Evaluate -10 + 6 + (7 - 2).
1
What is the value of (3 - 6) + 1 - -6?
4
4 + 2 + (3 - (-6 - -11))
4
Evaluate -1 - 1 - (5 - 5 - 0).
-2
What is 9 - 4 - (0 + -2 - -2)?
5
What is 0 + 0 + 11 + -7?
4
(-8 - (0 + -6)) + (1 - -1)
0
6 + 3 - (7 - -2)
0
Calculate (-6 - -2) + -1 - (-61 + 54).
2
Evaluate 0 + 1 + -7 + 1.
-5
Evaluate -4 + (5 + 1 + -12 - -1).
-9
Evaluate 8 - 4 - (-10 - -7).
7
-7 + 6 - (1 + 0)
-2
What is the value of 1 + (-1 - 3) - (4 + 0)?
-7
Calculate ((-5 - -11) + -10 - -10) + -12.
-6
7 + -1 + 0 + -86 + 84
4
What is 6 + -5 - (3 - (1 - -1))?
0
Evaluate -1 - -3 - -2 - (1 + 2).
1
-10 - -10 - (0 - (1 + -4))
-3
What is the value of 7 + 0 + 5 + -9?
3
(6 - 0) + (18 + -19 - 4)
1
What is 3 + (-1 - -5) - (2 - 2)?
7
What is 2 + 0 + -4 + 7 + -4?
1
Calculate 4 + -6 - (3 - (6 + -3)).
-2
(1 - 7) + 15 + -14 - -8
3
Evaluate (-1 - (14 - (1 - -7))) + 6.
-1
Evaluate 2 + 8 + (7 - 12).
5
Evaluate 0 - (-6 - (-5 + -5 + 12)).
8
What is the value of 5 + -2 - ((-9 - -3) + 4)?
5
-24 - -14 - (-1 + -5)
-4
1 + -3 - (-5 + 3)
0
What is the value of 4 + -3 + -2 + (0 - 4)?
-5
Calculate 9 + (-5 - -7 - (5 - -1)).
5
Calculate 5 + -5 - -1 - -6.
7
What is 7 + (-2 - 4) + 5?
6
9 + 3 + -2 + -6
4
Calculate (5 - 6) + 3 + -1.
1
-9 - (-3 - (28 + -12))
10
What is -11 + 12 + 3 + -4?
0
What is the value of -3 - (-6 - -2) - -4?
5
Calculate 36 - 38 - (2 + -5 + -3).
4
0 + -11 - (3 + -9 + 1)
-6
Calculate 6 + -2 - (-4 + (-5 - -9)).
4
What is (7 - 7) + -9 - -13?
4
What is the value of (-2 - -3) + (1 - (-1 - -8))?
-5
Evaluate 3 + -2 - ((5 - 10) + 9).
-3
Evaluate -1 + 0 + 3 + (-1 - 3).
-2
What is (9 - -8) + -7 - 10?
0
What is the value of -5 - (-9 + 16 - 10)?
-2
-5 + (-2 - -6 - (3 + -6))
2
What is the value of 4 - ((28 - (3 + 4)) + -7)?
-10
What is 7 - (-3 + (5 - 0))?
5
Calculate -4 - (-5 + -3 + 5).
-1
What is the value of 0 + 11 - (-9 + 16)?
4
Evaluate 7 + (0 + 8 - 13).
2
Calculate -2 - (-3 - (-7 + 7)).
1
Evaluate -8 + 5 - (-1 - 7).
5
What is -19 - -17 - (-3 - -8)?
-7
0 + (-2 - 0) + -13 + 5
-10
Calculate -1 - 0 - 3 - -6.
2
What is the value of 4 + (11 - (10 - -8))?
-3
Evaluate 3 - 8 - (0 - 3).
-2
-3 - -4 - 2 - (2 - 1)
-2
What is -1 - ((0 + -1 - -3) + 1)?
-4
What is the value of 6 + 3 + -5 + -10?
-6
Evaluate 1 - 1 - (1 + (-11 - -3)).
7
11 - (16 + 2) - -9
2
Calculate 4 - (5 - (-3 - (3 + -10))).
3
Calculate 5 + (4 - -1) + -6.
4
-2 + 0 + -2 + 4
0
-7 + (-2 - -11) + 3
5
Evaluate (1 - (-1 + 0)) + -4.
-2
Evaluate 1 + (5 - 10) + -6 + 1.
-9
Evaluate -1 + -1 - (5 + 3 + -9).
-1
Evaluate 143 + -139 - (8 - -1).
-5
What is the value of -5 + (-1 - -4) + 4?
2
What is the value of 2 + -2 - (-8 + 3)?
5
What is 1 + (7 - (0 - -9))?
-1
13 + (-17 - 0) - (-6 + -4)
6
1 + -1 + -2 - (-4 + 4)
-2
0 + 11 + (16 - (-1 + 22))
6
-1 + 0 + 12 + -6
5
Evaluate -4 - (9 + -7 - -4).
-10
-3 + 7 - (1 + 2) - 4
-3
Calculate -3 - (3 - -4 - 13).
3
What is the value of 5 + -3 - (1 - -2)?
-1
What is the value of -2 + -2 + 2 + -2 + 0?
-4
Calculate 6 + (-9 - (-1 + -2)).
0
What is -3 - -5 - (4 + -1 - 1)?
0
What is -11 + 14 - (1 + 1 + 2)?
-1
What is the value of -3 + -1 + -3 + 8 + 2?
3
Calculate (0 - 5) + 12 + -4.
3
What is 0 + 1 + (1 - (-3 + 1))?
4
What is the value of (-2 - 0) + (1 - 2 - 2)?
-5
-9 + -6 - -4 - -5
-6
What is -4 - 5 - (3 - (8 - 1))?
-5
Calculate 0 - 4 - (-11 + 3 - 2).
6
What is the value of 2 + -3 + 0 + 1?
0
-8 - (5 - 0 - 11)
-2
What is the value of -6 + 12 - (-3 + 9)?
0
What is -1 + -3 + (6 - (-4 - 0))?
6
What is -5 - (13 + -5 - 7)?
-6
What is -9 + (6 - (5 - 16))?
8
What is the value of (-9 + 5 - -7) + -1?
2
Calculate -6 - (-3 - (-4 + 4)).
-3
Calculate -2 - 2 - (-4 + -6).
6
What is (-8 + 9 - -1) + -8?
-6
Evaluate 6 + (0 - 5) + -9.
-8
Calculate -2 + (-4 - 0) - -5.
-1
What is the value of -4 + 10 + -10 + 3 + -1?
-2
What is the value of (-7 - -12) + -2 + 3 + -3?
3
Calculate 5 + 12 + (1 - 12).
6
Evaluate -1 + 0 + (5 - (-5 + 4)).
5
What is the value of (0 + 5 - 4) + -5 - -11?
7
What is the value of 0 + -2 + (-1 - 2)?
-5
(5 - 8) + (2 - (-1 + 3))
-3
What is -8 + 7 + -5 + 2?
-4
-6 + 14 + -11 + 6
3
Calculate 4 + (-5 + 13 - 8).
4
5 - 0 - (4 + 10 + -13)
4
What is 1 + 1 + -10 + 4 - -12?
8
(0 + -5 - -6) + -4
-3
Calculate (4 - 8) + -4 + 3.
-5
What is -3 + (6 + -11 - -10)?
2
What is 4 + 0 + (-2 - 1)?
1
Calculate 0 - (5 + 0 + -3).
-2
Calculate (2 - 11) + 0 + (10 - 5).
-4
What is (0 + 2 - -1) + (-170 - -172)?
5
Calculate -7 + (1 - (-5 + 3)).
-4
What is (-1 - (10 + (-2 - 1))) + 1?
-7
Calculate 8 + 2 + (-2 - -4) + -6.
6
8 - (3 + (-2 - (-5 + 4)))
6
-3 + -3 + (22 - 11)
5
What is the value of -6 + (4 - -1) + 1?
0
What is -1 + -1 + -2 + -15 + 28?
9
What is 8 - (8 + -16 - -18)?
-2
Calculate 2 + -3 - (-30 - -28).
1
Evaluate 0 + 2 + -10 + 5.
-3
What is (5 - (1 - 1)) + -4?
1
What is the value of -5 - -9 - ((-1 - 4) + 1)?
8
(-1 - 8) + -3 - -5
-7
4 + ((5 - 6) + 1 - 3)
1
Evaluate 2 - (3 + 3 + -9 + 4).
1
0 + -1 + -1 + -70 + 71
-1
Calculate -2 + -5 + 13 + -10.
-4
Calculate 1 + 7 - (25 + -12) - 3.
-8
What is the value of 8 - (4 + 1) - (-3 - -4)?
2
0 + 2 - (3 + (-5 - -4))
0
What is -7 - -13 - 2 - 4?
0
What is the value of -50 + 45 - (1 + -9)?
3
-1 + -16 + 8 + 3
-6
Evaluate 2 - ((-1 - -1) + 8 + -3).
-3
What is the value of 6 - 2 - (5 + -13 + 5)?
7
What is the value of (-10 - (-1 + -2)) + 3?
-4
What is the value of 0 + (-4 - -3 - 2) + 6?
3
-1 + 2 - (-11 + 13)
-1
Evaluate -26 + 27 + (5 - 0) - 4.
2
What is the value of (0 - 0 - -4) + 0?
4
Evaluate 3 - 5 - 0 - 3.
-5
What is the value of (3 - (5 + -1)) + 7?
6
Evaluate (4 - (-4 - -8)) + -5.
-5
Evaluate -2 + 2 - (12 + (-24 - -12)).
0
7 - (12 - 3) - -7
5
Calculate -2 + 7 + -6 - (-3 + -3).
5
What is 2 + -3 - 2 - (1 - 2)?
-2
Evaluate (4 - 2) + 3 - 0.
5
(15 - 10) + 2 + -2
5
Calculate 3 + (2 - -1) + -3.
3
Wha